{"version":"1.0","provider_name":"Gymnasium | Freie Evangelische Schule und Kindertagesst\u00e4tte Heidenheim e. V.","provider_url":"https:\/\/fes-heidenheim.de\/gymnasium","author_name":"fes","author_url":"https:\/\/fes-heidenheim.de\/gymnasium\/author\/fes\/","title":"Der Berg ruft! - Gymnasium | Freie Evangelische Schule und Kindertagesst\u00e4tte Heidenheim e. V.","type":"rich","width":600,"height":338,"html":"<blockquote class=\"wp-embedded-content\" data-secret=\"Iu0N4pm4Zs\"><a href=\"https:\/\/fes-heidenheim.de\/gymnasium\/2022\/07\/11\/der-berg-ruft\/\">Der Berg&nbsp;ruft!<\/a><\/blockquote><iframe sandbox=\"allow-scripts\" security=\"restricted\" src=\"https:\/\/fes-heidenheim.de\/gymnasium\/2022\/07\/11\/der-berg-ruft\/embed\/#?secret=Iu0N4pm4Zs\" width=\"600\" height=\"338\" title=\"&#8222;Der Berg&nbsp;ruft!&#8220; &#8211; Gymnasium | Freie Evangelische Schule und Kindertagesst\u00e4tte Heidenheim e. V.\" data-secret=\"Iu0N4pm4Zs\" frameborder=\"0\" marginwidth=\"0\" marginheight=\"0\" scrolling=\"no\" class=\"wp-embedded-content\"><\/iframe><script type=\"text\/javascript\">\n\/* <![CDATA[ *\/\n\/*! This file is auto-generated *\/\n!function(d,l){\"use strict\";l.querySelector&&d.addEventListener&&\"undefined\"!=typeof URL&&(d.wp=d.wp||{},d.wp.receiveEmbedMessage||(d.wp.receiveEmbedMessage=function(e){var t=e.data;if((t||t.secret||t.message||t.value)&&!\/[^a-zA-Z0-9]\/.test(t.secret)){for(var s,r,n,a=l.querySelectorAll('iframe[data-secret=\"'+t.secret+'\"]'),o=l.querySelectorAll('blockquote[data-secret=\"'+t.secret+'\"]'),c=new RegExp(\"^https?:$\",\"i\"),i=0;i<o.length;i++)o[i].style.display=\"none\";for(i=0;i<a.length;i++)s=a[i],e.source===s.contentWindow&&(s.removeAttribute(\"style\"),\"height\"===t.message?(1e3<(r=parseInt(t.value,10))?r=1e3:~~r<200&&(r=200),s.height=r):\"link\"===t.message&&(r=new URL(s.getAttribute(\"src\")),n=new URL(t.value),c.test(n.protocol))&&n.host===r.host&&l.activeElement===s&&(d.top.location.href=t.value))}},d.addEventListener(\"message\",d.wp.receiveEmbedMessage,!1),l.addEventListener(\"DOMContentLoaded\",function(){for(var e,t,s=l.querySelectorAll(\"iframe.wp-embedded-content\"),r=0;r<s.length;r++)(t=(e=s[r]).getAttribute(\"data-secret\"))||(t=Math.random().toString(36).substring(2,12),e.src+=\"#?secret=\"+t,e.setAttribute(\"data-secret\",t)),e.contentWindow.postMessage({message:\"ready\",secret:t},\"*\")},!1)))}(window,document);\n\/\/# sourceURL=https:\/\/fes-heidenheim.de\/gymnasium\/wp-includes\/js\/wp-embed.min.js\n\/* ]]> *\/\n<\/script>\n","thumbnail_url":"https:\/\/fes-heidenheim.de\/gymnasium\/wp-content\/uploads\/sites\/8\/2022\/07\/ganzschoenmutigtage-2022-03.jpg","thumbnail_width":2180,"thumbnail_height":1453,"description":"Ein besonderes Highlight war die Gipfeltour auf den Iseler (1876\u00a0m) am dritten Tag, die uns alle kr\u00e4ftem\u00e4\u00dfig sehr forderte. Daf\u00fcr wurden wir mit einem atemberaubenden Blick belohnt. Wie herrlich hat sich der Sch\u00f6pfer diese Welt ausgedacht!"}

Gymnasium | Freie Evangelische Schule und Kindertagesstätte Heidenheim e. V.

Der Berg ruft! - Gymnasium | Freie Evangelische Schule und Kindertagesstätte Heidenheim e. V.

<blockquote class="wp-embedded-content" data-secret="Iu0N4pm4Zs"><a href="https://fes-heidenheim.de/gymnasium/2022/07/11/der-berg-ruft/">Der Berg&nbsp;ruft!</a></blockquote><iframe sandbox="allow-scripts" security="restricted" src="https://fes-heidenheim.de/gymnasium/2022/07/11/der-berg-ruft/embed/#?secret=Iu0N4pm4Zs" width="600" height="338" title="&#8222;Der Berg&nbsp;ruft!&#8220; &#8211; Gymnasium | Freie Evangelische Schule und Kindertagesstätte Heidenheim e. V." data-secret="Iu0N4pm4Zs" frameborder="0" marginwidth="0" marginheight="0" scrolling="no" class="wp-embedded-content"></iframe><script type="text/javascript">
/* <![CDATA[ */
/*! This file is auto-generated */
!function(d,l){"use strict";l.querySelector&&d.addEventListener&&"undefined"!=typeof URL&&(d.wp=d.wp||{},d.wp.receiveEmbedMessage||(d.wp.receiveEmbedMessage=function(e){var t=e.data;if((t||t.secret||t.message||t.value)&&!/[^a-zA-Z0-9]/.test(t.secret)){for(var s,r,n,a=l.querySelectorAll('iframe[data-secret="'+t.secret+'"]'),o=l.querySelectorAll('blockquote[data-secret="'+t.secret+'"]'),c=new RegExp("^https?:$","i"),i=0;i<o.length;i++)o[i].style.display="none";for(i=0;i<a.length;i++)s=a[i],e.source===s.contentWindow&&(s.removeAttribute("style"),"height"===t.message?(1e3<(r=parseInt(t.value,10))?r=1e3:~~r<200&&(r=200),s.height=r):"link"===t.message&&(r=new URL(s.getAttribute("src")),n=new URL(t.value),c.test(n.protocol))&&n.host===r.host&&l.activeElement===s&&(d.top.location.href=t.value))}},d.addEventListener("message",d.wp.receiveEmbedMessage,!1),l.addEventListener("DOMContentLoaded",function(){for(var e,t,s=l.querySelectorAll("iframe.wp-embedded-content"),r=0;r<s.length;r++)(t=(e=s[r]).getAttribute("data-secret"))||(t=Math.random().toString(36).substring(2,12),e.src+="#?secret="+t,e.setAttribute("data-secret",t)),e.contentWindow.postMessage({message:"ready",secret:t},"*")},!1)))}(window,document);
//# sourceURL=https://fes-heidenheim.de/gymnasium/wp-includes/js/wp-embed.min.js
/* ]]> */
</script>

Ein besonderes Highlight war die Gipfeltour auf den Iseler (1876 m) am dritten Tag, die uns alle kräftemäßig sehr forderte. Dafür wurden wir mit einem atemberaubenden Blick belohnt. Wie herrlich hat sich der Schöpfer diese Welt ausgedacht!
