{"id":6442,"date":"2026-01-08T10:39:45","date_gmt":"2026-01-08T09:39:45","guid":{"rendered":"https:\/\/fes-heidenheim.de\/gymnasium\/?post_type=tribe_events&#038;p=6442"},"modified":"2026-01-08T10:39:48","modified_gmt":"2026-01-08T09:39:48","slug":"74-europaeisches-musikfestival-fuer-die-jugend-neerpelt-belgien-chorreise-fes-jugendchor","status":"publish","type":"tribe_events","link":"https:\/\/fes-heidenheim.de\/gymnasium\/event\/74-europaeisches-musikfestival-fuer-die-jugend-neerpelt-belgien-chorreise-fes-jugendchor\/","title":{"rendered":"74. Europ\u00e4isches Musikfestival f\u00fcr die Jugend \u2014 Neerpelt (Belgien) \u2014 Chorreise FES-Jugendchor"},"content":{"rendered":"","protected":false},"excerpt":{"rendered":"","protected":false},"author":15,"featured_media":0,"template":"","meta":{"_et_pb_use_builder":"","_et_pb_old_content":"","_et_gb_content_width":"","inline_featured_image":false,"wp_typography_post_enhancements_disabled":false,"_tribe_events_status":"","_tribe_events_status_reason":"","footnotes":""},"tags":[],"tribe_events_cat":[61,62,52,50],"class_list":["post-6442","tribe_events","type-tribe_events","status-publish","hentry","tribe_events_cat-gymnasium","tribe_events_cat-realschule","tribe_events_cat-termin","tribe_events_cat-veranstaltungen","cat_gymnasium","cat_realschule","cat_termin","cat_veranstaltungen"],"yoast_head":"<!-- This site is optimized with the Yoast SEO plugin v27.4 - https:\/\/yoast.com\/product\/yoast-seo-wordpress\/ -->\n<title>74. Europ\u00e4isches Musikfestival f\u00fcr die Jugend - Neerpelt (Belgien) - Chorreise FES-Jugendchor - Gymnasium | Freie Evangelische Schule und Kindertagesst\u00e4tte Heidenheim e. V.<\/title>\n<meta name=\"robots\" content=\"index, follow, max-snippet:-1, max-image-preview:large, max-video-preview:-1\" \/>\n<link rel=\"canonical\" href=\"https:\/\/fes-heidenheim.de\/gymnasium\/event\/74-europaeisches-musikfestival-fuer-die-jugend-neerpelt-belgien-chorreise-fes-jugendchor\/\" \/>\n<meta property=\"og:locale\" content=\"de_DE\" \/>\n<meta property=\"og:type\" content=\"article\" \/>\n<meta property=\"og:title\" content=\"74. Europ\u00e4isches Musikfestival f\u00fcr die Jugend - Neerpelt (Belgien) - Chorreise FES-Jugendchor - Gymnasium | Freie Evangelische Schule und Kindertagesst\u00e4tte Heidenheim e. V.\" \/>\n<meta property=\"og:url\" content=\"https:\/\/fes-heidenheim.de\/gymnasium\/event\/74-europaeisches-musikfestival-fuer-die-jugend-neerpelt-belgien-chorreise-fes-jugendchor\/\" \/>\n<meta property=\"og:site_name\" content=\"Gymnasium | Freie Evangelische Schule und Kindertagesst\u00e4tte Heidenheim e. V.\" \/>\n<meta property=\"article:modified_time\" content=\"2026-01-08T09:39:48+00:00\" \/>\n<meta name=\"twitter:card\" content=\"summary_large_image\" \/>\n<script type=\"application\/ld+json\" class=\"yoast-schema-graph\">{\"@context\":\"https:\\\/\\\/schema.org\",\"@graph\":[{\"@type\":\"WebPage\",\"@id\":\"https:\\\/\\\/fes-heidenheim.de\\\/gymnasium\\\/event\\\/74-europaeisches-musikfestival-fuer-die-jugend-neerpelt-belgien-chorreise-fes-jugendchor\\\/\",\"url\":\"https:\\\/\\\/fes-heidenheim.de\\\/gymnasium\\\/event\\\/74-europaeisches-musikfestival-fuer-die-jugend-neerpelt-belgien-chorreise-fes-jugendchor\\\/\",\"name\":\"74. Europ\u00e4isches Musikfestival f\u00fcr die Jugend - Neerpelt (Belgien) - Chorreise FES-Jugendchor - Gymnasium | Freie Evangelische Schule und Kindertagesst\u00e4tte Heidenheim e. V.\",\"isPartOf\":{\"@id\":\"https:\\\/\\\/fes-heidenheim.de\\\/gymnasium\\\/#website\"},\"datePublished\":\"2026-01-08T09:39:45+00:00\",\"dateModified\":\"2026-01-08T09:39:48+00:00\",\"breadcrumb\":{\"@id\":\"https:\\\/\\\/fes-heidenheim.de\\\/gymnasium\\\/event\\\/74-europaeisches-musikfestival-fuer-die-jugend-neerpelt-belgien-chorreise-fes-jugendchor\\\/#breadcrumb\"},\"inLanguage\":\"de\",\"potentialAction\":[{\"@type\":\"ReadAction\",\"target\":[\"https:\\\/\\\/fes-heidenheim.de\\\/gymnasium\\\/event\\\/74-europaeisches-musikfestival-fuer-die-jugend-neerpelt-belgien-chorreise-fes-jugendchor\\\/\"]}]},{\"@type\":\"BreadcrumbList\",\"@id\":\"https:\\\/\\\/fes-heidenheim.de\\\/gymnasium\\\/event\\\/74-europaeisches-musikfestival-fuer-die-jugend-neerpelt-belgien-chorreise-fes-jugendchor\\\/#breadcrumb\",\"itemListElement\":[{\"@type\":\"ListItem\",\"position\":1,\"name\":\"Startseite\",\"item\":\"https:\\\/\\\/fes-heidenheim.de\\\/gymnasium\\\/\"},{\"@type\":\"ListItem\",\"position\":2,\"name\":\"Veranstaltungen\",\"item\":\"https:\\\/\\\/fes-heidenheim.de\\\/gymnasium\\\/events\\\/\"},{\"@type\":\"ListItem\",\"position\":3,\"name\":\"74. Europ\u00e4isches Musikfestival f\u00fcr die Jugend &#8211; Neerpelt (Belgien) &#8211; Chorreise FES-Jugendchor\"}]},{\"@type\":\"WebSite\",\"@id\":\"https:\\\/\\\/fes-heidenheim.de\\\/gymnasium\\\/#website\",\"url\":\"https:\\\/\\\/fes-heidenheim.de\\\/gymnasium\\\/\",\"name\":\"Gymnasium | Freie Evangelische Schule und Kindertagesst\u00e4tte Heidenheim e. V.\",\"description\":\"Eine weitere Freie Evangelische Schule Heidenheim e.V. Websites Website\",\"potentialAction\":[{\"@type\":\"SearchAction\",\"target\":{\"@type\":\"EntryPoint\",\"urlTemplate\":\"https:\\\/\\\/fes-heidenheim.de\\\/gymnasium\\\/?s={search_term_string}\"},\"query-input\":{\"@type\":\"PropertyValueSpecification\",\"valueRequired\":true,\"valueName\":\"search_term_string\"}}],\"inLanguage\":\"de\"}]}<\/script>\n<!-- \/ Yoast SEO plugin. -->","yoast_head_json":{"title":"74. Europ\u00e4isches Musikfestival f\u00fcr die Jugend - Neerpelt (Belgien) - Chorreise FES-Jugendchor - Gymnasium | Freie Evangelische Schule und Kindertagesst\u00e4tte Heidenheim e. V.","robots":{"index":"index","follow":"follow","max-snippet":"max-snippet:-1","max-image-preview":"max-image-preview:large","max-video-preview":"max-video-preview:-1"},"canonical":"https:\/\/fes-heidenheim.de\/gymnasium\/event\/74-europaeisches-musikfestival-fuer-die-jugend-neerpelt-belgien-chorreise-fes-jugendchor\/","og_locale":"de_DE","og_type":"article","og_title":"74. Europ\u00e4isches Musikfestival f\u00fcr die Jugend - Neerpelt (Belgien) - Chorreise FES-Jugendchor - Gymnasium | Freie Evangelische Schule und Kindertagesst\u00e4tte Heidenheim e. V.","og_url":"https:\/\/fes-heidenheim.de\/gymnasium\/event\/74-europaeisches-musikfestival-fuer-die-jugend-neerpelt-belgien-chorreise-fes-jugendchor\/","og_site_name":"Gymnasium | Freie Evangelische Schule und Kindertagesst\u00e4tte Heidenheim e. V.","article_modified_time":"2026-01-08T09:39:48+00:00","twitter_card":"summary_large_image","schema":{"@context":"https:\/\/schema.org","@graph":[{"@type":"WebPage","@id":"https:\/\/fes-heidenheim.de\/gymnasium\/event\/74-europaeisches-musikfestival-fuer-die-jugend-neerpelt-belgien-chorreise-fes-jugendchor\/","url":"https:\/\/fes-heidenheim.de\/gymnasium\/event\/74-europaeisches-musikfestival-fuer-die-jugend-neerpelt-belgien-chorreise-fes-jugendchor\/","name":"74. Europ\u00e4isches Musikfestival f\u00fcr die Jugend - Neerpelt (Belgien) - Chorreise FES-Jugendchor - Gymnasium | Freie Evangelische Schule und Kindertagesst\u00e4tte Heidenheim e. V.","isPartOf":{"@id":"https:\/\/fes-heidenheim.de\/gymnasium\/#website"},"datePublished":"2026-01-08T09:39:45+00:00","dateModified":"2026-01-08T09:39:48+00:00","breadcrumb":{"@id":"https:\/\/fes-heidenheim.de\/gymnasium\/event\/74-europaeisches-musikfestival-fuer-die-jugend-neerpelt-belgien-chorreise-fes-jugendchor\/#breadcrumb"},"inLanguage":"de","potentialAction":[{"@type":"ReadAction","target":["https:\/\/fes-heidenheim.de\/gymnasium\/event\/74-europaeisches-musikfestival-fuer-die-jugend-neerpelt-belgien-chorreise-fes-jugendchor\/"]}]},{"@type":"BreadcrumbList","@id":"https:\/\/fes-heidenheim.de\/gymnasium\/event\/74-europaeisches-musikfestival-fuer-die-jugend-neerpelt-belgien-chorreise-fes-jugendchor\/#breadcrumb","itemListElement":[{"@type":"ListItem","position":1,"name":"Startseite","item":"https:\/\/fes-heidenheim.de\/gymnasium\/"},{"@type":"ListItem","position":2,"name":"Veranstaltungen","item":"https:\/\/fes-heidenheim.de\/gymnasium\/events\/"},{"@type":"ListItem","position":3,"name":"74. Europ\u00e4isches Musikfestival f\u00fcr die Jugend &#8211; Neerpelt (Belgien) &#8211; Chorreise FES-Jugendchor"}]},{"@type":"WebSite","@id":"https:\/\/fes-heidenheim.de\/gymnasium\/#website","url":"https:\/\/fes-heidenheim.de\/gymnasium\/","name":"Gymnasium | Freie Evangelische Schule und Kindertagesst\u00e4tte Heidenheim e. V.","description":"Eine weitere Freie Evangelische Schule Heidenheim e.V. Websites Website","potentialAction":[{"@type":"SearchAction","target":{"@type":"EntryPoint","urlTemplate":"https:\/\/fes-heidenheim.de\/gymnasium\/?s={search_term_string}"},"query-input":{"@type":"PropertyValueSpecification","valueRequired":true,"valueName":"search_term_string"}}],"inLanguage":"de"}]}},"_links":{"self":[{"href":"https:\/\/fes-heidenheim.de\/gymnasium\/wp-json\/wp\/v2\/tribe_events\/6442","targetHints":{"allow":["GET"]}}],"collection":[{"href":"https:\/\/fes-heidenheim.de\/gymnasium\/wp-json\/wp\/v2\/tribe_events"}],"about":[{"href":"https:\/\/fes-heidenheim.de\/gymnasium\/wp-json\/wp\/v2\/types\/tribe_events"}],"author":[{"embeddable":true,"href":"https:\/\/fes-heidenheim.de\/gymnasium\/wp-json\/wp\/v2\/users\/15"}],"version-history":[{"count":1,"href":"https:\/\/fes-heidenheim.de\/gymnasium\/wp-json\/wp\/v2\/tribe_events\/6442\/revisions"}],"predecessor-version":[{"id":6443,"href":"https:\/\/fes-heidenheim.de\/gymnasium\/wp-json\/wp\/v2\/tribe_events\/6442\/revisions\/6443"}],"wp:attachment":[{"href":"https:\/\/fes-heidenheim.de\/gymnasium\/wp-json\/wp\/v2\/media?parent=6442"}],"wp:term":[{"taxonomy":"post_tag","embeddable":true,"href":"https:\/\/fes-heidenheim.de\/gymnasium\/wp-json\/wp\/v2\/tags?post=6442"},{"taxonomy":"tribe_events_cat","embeddable":true,"href":"https:\/\/fes-heidenheim.de\/gymnasium\/wp-json\/wp\/v2\/tribe_events_cat?post=6442"}],"curies":[{"name":"wp","href":"https:\/\/api.w.org\/{rel}","templated":true}]}}

74. Europäisches Musikfestival für die Jugend — Neerpelt (Belgien) — Chorreise FES-Jugendchor

<!-- This site is optimized with the Yoast SEO plugin v27.4 - https://yoast.com/product/yoast-seo-wordpress/ -->
<title>74. Europäisches Musikfestival für die Jugend - Neerpelt (Belgien) - Chorreise FES-Jugendchor - Gymnasium | Freie Evangelische Schule und Kindertagesstätte Heidenheim e. V.</title>
<meta name="robots" content="index, follow, max-snippet:-1, max-image-preview:large, max-video-preview:-1" />
<link rel="canonical" href="https://fes-heidenheim.de/gymnasium/event/74-europaeisches-musikfestival-fuer-die-jugend-neerpelt-belgien-chorreise-fes-jugendchor/" />
<meta property="og:locale" content="de_DE" />
<meta property="og:type" content="article" />
<meta property="og:title" content="74. Europäisches Musikfestival für die Jugend - Neerpelt (Belgien) - Chorreise FES-Jugendchor - Gymnasium | Freie Evangelische Schule und Kindertagesstätte Heidenheim e. V." />
<meta property="og:url" content="https://fes-heidenheim.de/gymnasium/event/74-europaeisches-musikfestival-fuer-die-jugend-neerpelt-belgien-chorreise-fes-jugendchor/" />
<meta property="og:site_name" content="Gymnasium | Freie Evangelische Schule und Kindertagesstätte Heidenheim e. V." />
<meta property="article:modified_time" content="2026-01-08T09:39:48+00:00" />
<meta name="twitter:card" content="summary_large_image" />
<script type="application/ld+json" class="yoast-schema-graph">{"@context":"https:\/\/schema.org","@graph":[{"@type":"WebPage","@id":"https:\/\/fes-heidenheim.de\/gymnasium\/event\/74-europaeisches-musikfestival-fuer-die-jugend-neerpelt-belgien-chorreise-fes-jugendchor\/","url":"https:\/\/fes-heidenheim.de\/gymnasium\/event\/74-europaeisches-musikfestival-fuer-die-jugend-neerpelt-belgien-chorreise-fes-jugendchor\/","name":"74. Europäisches Musikfestival für die Jugend - Neerpelt (Belgien) - Chorreise FES-Jugendchor - Gymnasium | Freie Evangelische Schule und Kindertagesstätte Heidenheim e. V.","isPartOf":{"@id":"https:\/\/fes-heidenheim.de\/gymnasium\/#website"},"datePublished":"2026-01-08T09:39:45+00:00","dateModified":"2026-01-08T09:39:48+00:00","breadcrumb":{"@id":"https:\/\/fes-heidenheim.de\/gymnasium\/event\/74-europaeisches-musikfestival-fuer-die-jugend-neerpelt-belgien-chorreise-fes-jugendchor\/#breadcrumb"},"inLanguage":"de","potentialAction":[{"@type":"ReadAction","target":["https:\/\/fes-heidenheim.de\/gymnasium\/event\/74-europaeisches-musikfestival-fuer-die-jugend-neerpelt-belgien-chorreise-fes-jugendchor\/"]}]},{"@type":"BreadcrumbList","@id":"https:\/\/fes-heidenheim.de\/gymnasium\/event\/74-europaeisches-musikfestival-fuer-die-jugend-neerpelt-belgien-chorreise-fes-jugendchor\/#breadcrumb","itemListElement":[{"@type":"ListItem","position":1,"name":"Startseite","item":"https:\/\/fes-heidenheim.de\/gymnasium\/"},{"@type":"ListItem","position":2,"name":"Veranstaltungen","item":"https:\/\/fes-heidenheim.de\/gymnasium\/events\/"},{"@type":"ListItem","position":3,"name":"74. Europäisches Musikfestival für die Jugend &#8211; Neerpelt (Belgien) &#8211; Chorreise FES-Jugendchor"}]},{"@type":"WebSite","@id":"https:\/\/fes-heidenheim.de\/gymnasium\/#website","url":"https:\/\/fes-heidenheim.de\/gymnasium\/","name":"Gymnasium | Freie Evangelische Schule und Kindertagesstätte Heidenheim e. V.","description":"Eine weitere Freie Evangelische Schule Heidenheim e.V. Websites Website","potentialAction":[{"@type":"SearchAction","target":{"@type":"EntryPoint","urlTemplate":"https:\/\/fes-heidenheim.de\/gymnasium\/?s={search_term_string}"},"query-input":{"@type":"PropertyValueSpecification","valueRequired":true,"valueName":"search_term_string"}}],"inLanguage":"de"}]}</script>
<!-- / Yoast SEO plugin. -->

74. Europäisches Musikfestival für die Jugend - Neerpelt (Belgien) - Chorreise FES-Jugendchor - Gymnasium | Freie Evangelische Schule und Kindertagesstätte Heidenheim e. V.

Gymnasium | Freie Evangelische Schule und Kindertagesstätte Heidenheim e. V.

74. Europäisches Musikfestival für die Jugend &#8211; Neerpelt (Belgien) &#8211; Chorreise FES-Jugendchor
