{"id":3293,"date":"2022-04-20T15:35:06","date_gmt":"2022-04-20T13:35:06","guid":{"rendered":"https:\/\/fes-heidenheim.de\/realschule\/?page_id=3293"},"modified":"2025-11-27T12:09:13","modified_gmt":"2025-11-27T11:09:13","slug":"schulverwaltung","status":"publish","type":"page","link":"https:\/\/fes-heidenheim.de\/realschule\/schulverwaltung\/","title":{"rendered":"Schulverwaltung"},"content":{"rendered":"[et_pb_section fb_built=\u201c1\u201d fullwidth=\u201con\u201d _builder_version=\u201c4.17.1\u201d _module_preset=\u201cdefault\u201d background_color=\u201c#f2f2f2\u201d locked=\u201coff\u201d global_colors_info=\u201d{}\u201d][et_pb_fullwidth_header title=\u201cSchulverwaltung\u201d subhead=\u201cVerantwortung \u00fcbernehmen\u201d _builder_version=\u201c4.17.4\u201d _module_preset=\u201cdefault\u201d title_font=\u201d|700|||||||\u201d title_text_color=\u201c#FF7F00\u201d title_font_size=\u201c72px\u201d subhead_font=\u201cRaleway||||||||\u201d subhead_text_color=\u201c#FF7F00\u201d subhead_font_size=\u201c70px\u201d subhead_line_height=\u201c1.1em\u201d background_color=\u201c#F2F2F2\u201d title_text_color_tablet=\u201c#FF7F00\u201d title_text_color_phone=\u201c#FF7F00\u201d title_text_color_last_edited=\u201con|phone\u201d title_font_size_tablet=\u201c72px\u201d title_font_size_phone=\u201c36px\u201d title_font_size_last_edited=\u201con|phone\u201d subhead_font_size_tablet=\u201c70px\u201d subhead_font_size_phone=\u201c36px\u201d subhead_font_size_last_edited=\u201con|phone\u201d border_color_bottom=\u201crgba(86,86,86,0.3)\u201d global_colors_info=\u201d{}\u201d][\/et_pb_fullwidth_header][\/et_pb_section][et_pb_section fb_built=\u201c1\u201d custom_padding_last_edited=\u201con|tablet\u201d admin_label=\u201cGeneral 12\u201d module_id=\u201cschulprofil\u201d _builder_version=\u201c4.17.4\u201d background_color=\u201c#F2F2F2\u201d background_enable_image=\u201coff\u201d custom_padding=\u201d||0vh|||\u201d custom_padding_tablet=\u201d||0vh|||\u201d custom_padding_phone=\u201d\u201d locked=\u201coff\u201d global_colors_info=\u201d{}\u201d][et_pb_row _builder_version=\u201c4.16\u201d _module_preset=\u201cdefault\u201d custom_padding=\u201c0px||0px|||\u201d locked=\u201coff\u201d global_colors_info=\u201d{}\u201d][et_pb_column type=\u201c4_4\u201d _builder_version=\u201c4.16\u201d _module_preset=\u201cdefault\u201d global_colors_info=\u201d{}\u201d][et_pb_text _builder_version=\u201c4.17.1\u201d _module_preset=\u201cdefault\u201d global_colors_info=\u201d{}\u201d]<h3><strong>Verwaltung und Organisation<\/strong><strong><\/strong><strong><\/strong><\/h3>\n<h3>Wir sind da f\u00fcr&nbsp;euch<strong><br><\/strong><\/h3>\n<p><!-- \/wp:post-content --><\/p>[\/et_pb_text][\/et_pb_column][\/et_pb_row][et_pb_row column_structure=\u201c3_5,2_5\u201d _builder_version=\u201c4.16\u201d custom_padding=\u201c29px||0px|||\u201d locked=\u201coff\u201d global_colors_info=\u201d{}\u201d][et_pb_column type=\u201c3_5\u201d _builder_version=\u201c4.16\u201d _module_preset=\u201cdefault\u201d global_colors_info=\u201d{}\u201d][et_pb_text quote_border_weight=\u201c0px\u201d quote_border_color=\u201crgba(0,0,0,0)\u201d _builder_version=\u201c4.27.4\u201d text_font=\u201d||||||||\u201d text_text_color=\u201c#232323\u201d link_font=\u201d|100|||on|||#000000|\u201d link_text_color=\u201c#000000\u201d quote_font=\u201cRaleway|200|on||||||\u201d quote_text_color=\u201d#8c8c8c\u201d quote_line_height=\u201c1.3em\u201d header_font=\u201d|700|||||||\u201d header_2_font=\u201d|700|||||||\u201d header_3_font=\u201d|700|||||||\u201d header_3_text_color=\u201c#232323\u201d header_3_font_size=\u201c18px\u201d header_3_line_height=\u201c1.1em\u201d header_4_letter_spacing=\u201c12px\u201d header_5_font=\u201d|300|||||||\u201d header_5_text_color=\u201d#bfbfbf\u201d header_5_letter_spacing=\u201c12px\u201d header_6_font=\u201d|700|||||||\u201d header_6_letter_spacing=\u201c12px\u201d module_alignment=\u201cleft\u201d custom_margin_tablet=\u201d\u201d custom_margin_phone=\u201d\u201d custom_margin_last_edited=\u201con|tablet\u201d custom_padding=\u201d||0px|||\u201d hover_enabled=\u201c0\u201d quote_font_size_tablet=\u201d\u201d quote_font_size_phone=\u201d\u201d quote_font_size_last_edited=\u201con|desktop\u201d border_width_top=\u201c2px\u201d border_color_top=\u201c#000000\u201d saved_tabs=\u201call\u201d locked=\u201coff\u201d global_colors_info=\u201d{}\u201d sticky_enabled=\u201c0\u201d]<p><!-- \/wp:paragraph --><\/p>\n<p><!-- wp:heading {\"level\":1} --><\/p>\n<p><!-- \/wp:heading --><\/p>\n<p class=\"moz-quote-pre\">Unsere FES-Realschule besuchen im aktuellen Schul\u00adjahr rund 140 Sch\u00fc\u00adlerin\u00adnen und Sch\u00fcler.<\/p>\n<p>Neben dem p\u00e4d\u00ada\u00adgogis\u00adchen Per\u00adson\u00adal f\u00fcr Unter\u00adricht und Betreu\u00adung liegt die Ver\u00adwal\u00adtung und Organ\u00adi\u00adsa\u00adtion in den H\u00e4n\u00adden mehrerer Personen.<\/p>\n<h3>Schulleitung<\/h3>\n<p>Die Gesamtleitung vom Schul\u00adbe\u00adtrieb der Realschule und des Gym\u00adna\u00adsi\u00adums hat Andreas Borkeloh. Auf\u00adgaben\u00adfelder der Schulleitung umfassen u.a. Schul\u00adjahre\u00ads\u00adpla\u00adnung, Per\u00adson\u00adalen\u00adtwick\u00adlung, Sta\u00adtis\u00adtik, Etat, Schu\u00adlen\u00adtwick\u00adlung, Pr\u00fc\u00adfungsabl\u00e4ufe, Vertre\u00adtung\u00adsun\u00adter\u00adricht, Kom\u00admu\u00adnika\u00adtion mit allen am Schulleben Beteiligten sowie mit ver\u00adschiede\u00adnen Insti\u00adtu\u00adtio\u00adnen und Partnern.<\/p>\n<h3>Sekretariat<\/h3>\n<p>Im Sekre\u00adtari\u00adat laufen alle F\u00e4den zusam\u00admen. Kom\u00adpe\u00adtent und fre\u00adundlich bear\u00adbeit\u00aden unsere Sekretariatsmitarbeiter\/innen alle Anfra\u00adgen von Schulleitung, Lehrkr\u00e4ften und von Sch\u00fc\u00adlerin\u00adnen und Sch\u00fclern.<\/p>\n<p>&nbsp;<\/p>\n<p><strong>\u00d6ff\u00adnungszeit\u00aden Sekretariat<\/strong><\/p>\n<p class=\"moz-quote-pre\">Mon\u00adtag 8:00 \u2014 13:00 Uhr<br>Dien\u00adstag 7:30- 13:45 Uhr<br>Mittwoch 7:30 \u2014 13:30 Uhr<br>Don\u00adner\u00adstag 7:30 \u2014 13:45 Uhr<br>Fre\u00aditag 7:30 \u2014 13:30&nbsp;Uhr<\/p>\n<p class=\"moz-quote-pre\">und nach Vereinbarung<\/p>\n<p><!-- \/wp:paragraph --><\/p>\n<p><!-- wp:heading {\"level\":3} --><\/p>\n<p><!-- \/wp:paragraph --><\/p>\n<p><!-- wp:heading {\"level\":3} --><\/p>\n<p><!-- \/wp:paragraph --><\/p>[\/et_pb_text][\/et_pb_column][et_pb_column type=\u201c2_5\u201d _builder_version=\u201c4.16\u201d _module_preset=\u201cdefault\u201d global_colors_info=\u201d{}\u201d][et_pb_cta title=\u201cAnsprechpartner FES Realschule\u201d _builder_version=\u201c4.27.4\u201d _module_preset=\u201cdefault\u201d header_level=\u201ch4\u201d header_font=\u201d|700|||||||\u201d background_color=\u201cRGBA(255,255,255,0)\u201d text_orientation=\u201cleft\u201d background_layout=\u201clight\u201d custom_padding=\u201d||0px|||\u201d hover_enabled=\u201c0\u201d border_width_top=\u201c10px\u201d border_color_top=\u201c#000000\u201d locked=\u201coff\u201d global_colors_info=\u201d{}\u201d sticky_enabled=\u201c0\u201d]<p><strong>Andreas Borkeloh<br><\/strong>Schulleit\u00ader<br><a href=\"mailto:borkeloh@fes-heidenheim.de\">borkeloh@fes-heidenheim.de<\/a><\/p>\n<p><strong>Sekre\u00adtari\u00adat<\/strong><br>realschule@fes-heidenheim.de<\/p>[\/et_pb_cta][\/et_pb_column][\/et_pb_row][et_pb_row column_structure=\u201c1_2,1_2\u201d _builder_version=\u201c4.17.1\u201d _module_preset=\u201cdefault\u201d locked=\u201coff\u201d global_colors_info=\u201d{}\u201d][et_pb_column type=\u201c1_2\u201d _builder_version=\u201c4.17.1\u201d _module_preset=\u201cdefault\u201d global_colors_info=\u201d{}\u201d][et_pb_image src=\u201chttps:\/\/fes-heidenheim.de\/realschule\/wp-content\/uploads\/sites\/5\/2022\/06\/luftaufnahme-fes-heidenheim01.jpg\u201d title_text=\u201cluftaufnahme-fes-heidenheim01\u201d _builder_version=\u201c4.17.4\u201d _module_preset=\u201cdefault\u201d global_colors_info=\u201d{}\u201d][\/et_pb_image][\/et_pb_column][et_pb_column type=\u201c1_2\u201d _builder_version=\u201c4.17.1\u201d _module_preset=\u201cdefault\u201d global_colors_info=\u201d{}\u201d][et_pb_image src=\u201chttps:\/\/fes-heidenheim.de\/realschule\/wp-content\/uploads\/sites\/5\/2022\/06\/luftaufnahme-fes-heidenheim02.jpg\u201d title_text=\u201cluftaufnahme-fes-heidenheim02\u201d _builder_version=\u201c4.17.4\u201d _module_preset=\u201cdefault\u201d min_height=\u201c370.5px\u201d custom_margin=\u201d||||false|false\u201d custom_padding=\u201d||||false|false\u201d global_colors_info=\u201d{}\u201d][\/et_pb_image][\/et_pb_column][\/et_pb_row][\/et_pb_section][et_pb_section fb_built=\u201c1\u201d _builder_version=\u201c4.17.1\u201d _module_preset=\u201cdefault\u201d global_colors_info=\u201d{}\u201d][et_pb_row _builder_version=\u201c4.17.1\u201d _module_preset=\u201cdefault\u201d global_colors_info=\u201d{}\u201d][et_pb_column type=\u201c4_4\u201d _builder_version=\u201c4.17.1\u201d _module_preset=\u201cdefault\u201d global_colors_info=\u201d{}\u201d][et_pb_text quote_border_weight=\u201c0px\u201d quote_border_color=\u201crgba(0,0,0,0)\u201d _builder_version=\u201c4.17.4\u201d _module_preset=\u201cdefault\u201d text_font=\u201d||||||||\u201d text_text_color=\u201c#232323\u201d link_font=\u201d|100|||on|||#000000|\u201d link_text_color=\u201c#000000\u201d quote_font=\u201cRaleway|200|on||||||\u201d quote_text_color=\u201d#8c8c8c\u201d quote_line_height=\u201c1.3em\u201d header_font=\u201d|700|||||||\u201d header_2_font=\u201d|700|||||||\u201d header_3_font=\u201d|700|||||||\u201d header_3_text_color=\u201c#232323\u201d header_3_font_size=\u201c18px\u201d header_3_line_height=\u201c1.1em\u201d header_4_letter_spacing=\u201c12px\u201d header_5_font=\u201d|300|||||||\u201d header_5_text_color=\u201d#bfbfbf\u201d header_5_letter_spacing=\u201c12px\u201d header_6_font=\u201d|700|||||||\u201d header_6_letter_spacing=\u201c12px\u201d module_alignment=\u201cleft\u201d custom_padding=\u201d||0px|||\u201d quote_font_size_tablet=\u201d\u201d quote_font_size_phone=\u201d\u201d quote_font_size_last_edited=\u201con|desktop\u201d border_color_top=\u201c#000000\u201d global_colors_info=\u201d{}\u201d]<h2>Die Gremien der Schule<\/h2>\n<h3>Die Schule<\/h3>\n<p>Die Freie Evan\u00adge\u00adlis\u00adche Schule Hei\u00adden\u00adheim ist eine staatlich anerkan\u00adnte Grund- und Realschule sowie ein Gym\u00adna\u00adsi\u00adum. Schulpflichtige Kinder k\u00f6n\u00adnen aufgenom\u00admen wer\u00adden, sofern die Erziehungs\u00adberechtigten die bib\u00adlisch ori\u00aden\u00adtierten Ord\u00adnun\u00adgen und Grund\u00ads\u00e4tze unser\u00ader Schule anerkennen.<\/p>\n<div><\/div>\n<h3>Der Tr\u00e4gerverein<\/h3>\n<div>Der Tr\u00e4gervere\u00adin der Freien Evan\u00adge\u00adlis\u00adchen Schule Hei\u00adden\u00adheim \u00fcbern\u00adimmt die finanzielle Ver\u00adant\u00adwor\u00adtung und alle organ\u00adisatorischen Auf\u00adgaben, die f\u00fcr eine Schule uner\u00adl\u00e4sslich sind z.B. Per\u00adson\u00adalentschei\u00addun\u00adgen, Finanzierungskonzepte, \u00d6ffentlichkeit\u00adsar\u00adbeit, Finanzbuch\u00adhal\u00adtung, Ausstat\u00adtung und Instand\u00adhal\u00adtung der R\u00e4ume, Umset\u00adzung und Anpas\u00adsung des Schulkonzepts und einiges mehr.<\/div>\n<h3><\/h3>\n<h3>Der Vorstand<\/h3>\n<div>Der Vor\u00adstand der FES Hei\u00adden\u00adheim beste\u00adht aus drei Mit\u00adgliedern: Ulrike Kr\u00fcger, Rain\u00ader Frick und Dr. Chris\u00adt\u00adian Engel. <br>Der Vor\u00adstand \u00fcbern\u00adimmt s\u00e4mtliche im Vere\u00adin anfal\u00adl\u00aden\u00adden Gesch\u00e4fte und ver\u00adtritt ihn nach innen und&nbsp;au\u00dfen.<\/div>\n<div><\/div>\n<h3><\/h3>\n<h3>Der Beirat<\/h3>\n<div>Der Beirat der FES set\u00adzt sich aus gew\u00e4hlten Mit\u00adgliedern des Vere\u00adins zusam\u00admen, den Eltern\u00adbeiratsvor\u00adsitzen\u00adden, den Schulleit\u00adern und zwei Lehrkr\u00e4ften. Seine Auf\u00adgaben sind Beratung und Beschlussfas\u00adsung in schulis\u00adchen Fra\u00adgen. Jedes Beiratsmit\u00adglied \u00fcbern\u00adimmt ver\u00adant\u00adwortlich einen Auf\u00adgaben\u00adbere\u00adich in der Organ\u00adi\u00adsa\u00adtion, der Admin\u00adis\u00adtra\u00adtion und der Umset\u00adzung von den im Beirat beschlosse\u00adnen Zie\u00adlen und Auf\u00adgaben. Jed\u00ader Beirat erstat\u00adtet in der Beiratssitzung Bericht \u00fcber den Stand sein\u00ader Arbeit.<\/div>\n<p>&nbsp;<\/p>\n<p>&nbsp;<\/p>[\/et_pb_text][\/et_pb_column][\/et_pb_row][\/et_pb_section]","protected":false},"excerpt":{"rendered":"<p>Ver\u00adwal\u00adtung und Organ\u00adi\u00adsa\u00adtion Wir sind da f\u00fcr euch Unsere FES-Realschule besuchen im aktuellen Schul\u00adjahr rund 140 Sch\u00fc\u00adlerin\u00adnen und Sch\u00fcler. Neben dem p\u00e4d\u00ada\u00adgogis\u00adchen Per\u00adson\u00adal f\u00fcr Unter\u00adricht und Betreu\u00adung liegt die Verwaltung&nbsp;[\u2026]<\/p>\n","protected":false},"author":1,"featured_media":0,"parent":0,"menu_order":0,"comment_status":"closed","ping_status":"closed","template":"","meta":{"_et_pb_use_builder":"on","_et_pb_old_content":"","_et_gb_content_width":"","inline_featured_image":false,"wp_typography_post_enhancements_disabled":false,"footnotes":""},"class_list":["post-3293","page","type-page","status-publish","hentry"],"yoast_head":"<!-- This site is optimized with the Yoast SEO plugin v27.4 - https:\/\/yoast.com\/product\/yoast-seo-wordpress\/ -->\n<title>Schulverwaltung - Realschule | Freie Evangelischen Schule und Kindertagesst\u00e4tte Heidenheim e. V.<\/title>\n<meta name=\"robots\" content=\"index, follow, max-snippet:-1, max-image-preview:large, max-video-preview:-1\" \/>\n<link rel=\"canonical\" href=\"https:\/\/fes-heidenheim.de\/realschule\/schulverwaltung\/\" \/>\n<meta property=\"og:locale\" content=\"de_DE\" \/>\n<meta property=\"og:type\" content=\"article\" \/>\n<meta property=\"og:title\" content=\"Schulverwaltung - Realschule | Freie Evangelischen Schule und Kindertagesst\u00e4tte Heidenheim e. V.\" \/>\n<meta property=\"og:description\" content=\"Verwaltung und Organisation Wir sind da f\u00fcr euch Unsere FES-Realschule besuchen im aktuellen Schuljahr rund 140 Sch\u00fclerinnen und Sch\u00fcler. Neben dem p\u00e4dagogischen Personal f\u00fcr Unterricht und Betreuung liegt die Verwaltung [&hellip;]\" \/>\n<meta property=\"og:url\" content=\"https:\/\/fes-heidenheim.de\/realschule\/schulverwaltung\/\" \/>\n<meta property=\"og:site_name\" content=\"Realschule | Freie Evangelischen Schule und Kindertagesst\u00e4tte Heidenheim e. V.\" \/>\n<meta property=\"article:modified_time\" content=\"2025-11-27T11:09:13+00:00\" \/>\n<meta name=\"twitter:card\" content=\"summary_large_image\" \/>\n<meta name=\"twitter:label1\" content=\"Gesch\u00e4tzte Lesezeit\" \/>\n\t<meta name=\"twitter:data1\" content=\"5\u00a0Minuten\" \/>\n<script type=\"application\/ld+json\" class=\"yoast-schema-graph\">{\"@context\":\"https:\\\/\\\/schema.org\",\"@graph\":[{\"@type\":\"WebPage\",\"@id\":\"https:\\\/\\\/fes-heidenheim.de\\\/realschule\\\/schulverwaltung\\\/\",\"url\":\"https:\\\/\\\/fes-heidenheim.de\\\/realschule\\\/schulverwaltung\\\/\",\"name\":\"Schulverwaltung - Realschule | Freie Evangelischen Schule und Kindertagesst\u00e4tte Heidenheim e. V.\",\"isPartOf\":{\"@id\":\"https:\\\/\\\/fes-heidenheim.de\\\/realschule\\\/#website\"},\"datePublished\":\"2022-04-20T13:35:06+00:00\",\"dateModified\":\"2025-11-27T11:09:13+00:00\",\"breadcrumb\":{\"@id\":\"https:\\\/\\\/fes-heidenheim.de\\\/realschule\\\/schulverwaltung\\\/#breadcrumb\"},\"inLanguage\":\"de\",\"potentialAction\":[{\"@type\":\"ReadAction\",\"target\":[\"https:\\\/\\\/fes-heidenheim.de\\\/realschule\\\/schulverwaltung\\\/\"]}]},{\"@type\":\"BreadcrumbList\",\"@id\":\"https:\\\/\\\/fes-heidenheim.de\\\/realschule\\\/schulverwaltung\\\/#breadcrumb\",\"itemListElement\":[{\"@type\":\"ListItem\",\"position\":1,\"name\":\"Startseite\",\"item\":\"https:\\\/\\\/fes-heidenheim.de\\\/realschule\\\/\"},{\"@type\":\"ListItem\",\"position\":2,\"name\":\"Schulverwaltung\"}]},{\"@type\":\"WebSite\",\"@id\":\"https:\\\/\\\/fes-heidenheim.de\\\/realschule\\\/#website\",\"url\":\"https:\\\/\\\/fes-heidenheim.de\\\/realschule\\\/\",\"name\":\"Realschule | Freie Evangelischen Schule und Kindertagesst\u00e4tte Heidenheim e. V.\",\"description\":\"Eine weitere Freie Evangelische Schule Heidenheim e.V. Websites Website\",\"potentialAction\":[{\"@type\":\"SearchAction\",\"target\":{\"@type\":\"EntryPoint\",\"urlTemplate\":\"https:\\\/\\\/fes-heidenheim.de\\\/realschule\\\/?s={search_term_string}\"},\"query-input\":{\"@type\":\"PropertyValueSpecification\",\"valueRequired\":true,\"valueName\":\"search_term_string\"}}],\"inLanguage\":\"de\"}]}<\/script>\n<!-- \/ Yoast SEO plugin. -->","yoast_head_json":{"title":"Schulverwaltung - Realschule | Freie Evangelischen Schule und Kindertagesst\u00e4tte Heidenheim e. V.","robots":{"index":"index","follow":"follow","max-snippet":"max-snippet:-1","max-image-preview":"max-image-preview:large","max-video-preview":"max-video-preview:-1"},"canonical":"https:\/\/fes-heidenheim.de\/realschule\/schulverwaltung\/","og_locale":"de_DE","og_type":"article","og_title":"Schulverwaltung - Realschule | Freie Evangelischen Schule und Kindertagesst\u00e4tte Heidenheim e. V.","og_description":"Verwaltung und Organisation Wir sind da f\u00fcr euch Unsere FES-Realschule besuchen im aktuellen Schuljahr rund 140 Sch\u00fclerinnen und Sch\u00fcler. Neben dem p\u00e4dagogischen Personal f\u00fcr Unterricht und Betreuung liegt die Verwaltung [&hellip;]","og_url":"https:\/\/fes-heidenheim.de\/realschule\/schulverwaltung\/","og_site_name":"Realschule | Freie Evangelischen Schule und Kindertagesst\u00e4tte Heidenheim e. V.","article_modified_time":"2025-11-27T11:09:13+00:00","twitter_card":"summary_large_image","twitter_misc":{"Gesch\u00e4tzte Lesezeit":"5\u00a0Minuten"},"schema":{"@context":"https:\/\/schema.org","@graph":[{"@type":"WebPage","@id":"https:\/\/fes-heidenheim.de\/realschule\/schulverwaltung\/","url":"https:\/\/fes-heidenheim.de\/realschule\/schulverwaltung\/","name":"Schulverwaltung - Realschule | Freie Evangelischen Schule und Kindertagesst\u00e4tte Heidenheim e. V.","isPartOf":{"@id":"https:\/\/fes-heidenheim.de\/realschule\/#website"},"datePublished":"2022-04-20T13:35:06+00:00","dateModified":"2025-11-27T11:09:13+00:00","breadcrumb":{"@id":"https:\/\/fes-heidenheim.de\/realschule\/schulverwaltung\/#breadcrumb"},"inLanguage":"de","potentialAction":[{"@type":"ReadAction","target":["https:\/\/fes-heidenheim.de\/realschule\/schulverwaltung\/"]}]},{"@type":"BreadcrumbList","@id":"https:\/\/fes-heidenheim.de\/realschule\/schulverwaltung\/#breadcrumb","itemListElement":[{"@type":"ListItem","position":1,"name":"Startseite","item":"https:\/\/fes-heidenheim.de\/realschule\/"},{"@type":"ListItem","position":2,"name":"Schulverwaltung"}]},{"@type":"WebSite","@id":"https:\/\/fes-heidenheim.de\/realschule\/#website","url":"https:\/\/fes-heidenheim.de\/realschule\/","name":"Realschule | Freie Evangelischen Schule und Kindertagesst\u00e4tte Heidenheim e. V.","description":"Eine weitere Freie Evangelische Schule Heidenheim e.V. Websites Website","potentialAction":[{"@type":"SearchAction","target":{"@type":"EntryPoint","urlTemplate":"https:\/\/fes-heidenheim.de\/realschule\/?s={search_term_string}"},"query-input":{"@type":"PropertyValueSpecification","valueRequired":true,"valueName":"search_term_string"}}],"inLanguage":"de"}]}},"_links":{"self":[{"href":"https:\/\/fes-heidenheim.de\/realschule\/wp-json\/wp\/v2\/pages\/3293","targetHints":{"allow":["GET"]}}],"collection":[{"href":"https:\/\/fes-heidenheim.de\/realschule\/wp-json\/wp\/v2\/pages"}],"about":[{"href":"https:\/\/fes-heidenheim.de\/realschule\/wp-json\/wp\/v2\/types\/page"}],"author":[{"embeddable":true,"href":"https:\/\/fes-heidenheim.de\/realschule\/wp-json\/wp\/v2\/users\/1"}],"replies":[{"embeddable":true,"href":"https:\/\/fes-heidenheim.de\/realschule\/wp-json\/wp\/v2\/comments?post=3293"}],"version-history":[{"count":15,"href":"https:\/\/fes-heidenheim.de\/realschule\/wp-json\/wp\/v2\/pages\/3293\/revisions"}],"predecessor-version":[{"id":5694,"href":"https:\/\/fes-heidenheim.de\/realschule\/wp-json\/wp\/v2\/pages\/3293\/revisions\/5694"}],"wp:attachment":[{"href":"https:\/\/fes-heidenheim.de\/realschule\/wp-json\/wp\/v2\/media?parent=3293"}],"curies":[{"name":"wp","href":"https:\/\/api.w.org\/{rel}","templated":true}]}}